*c - 4300 = -1786*c. What is the greatest common divisor of 258 and c?
86
Let b be 0 + (-46937)/(-44) - (-3)/(-4). Calculate the greatest common factor of 26 and b.
26
Let r be (-1 + 2)*(-103 - -1115). What is the greatest common factor of r and 92?
92
Let f(a) = -32*a - 5. Let x be f(-3). Let j = x + 9. What is the highest common divisor of 25 and j?
25
Let d(b) = -5*b**2 - b + 61. Let v be d(0). What is the greatest common factor of v and 61?
61
Let u be (-3)/(18/(-10))*3. Suppose 2*a + 289 = h, a - 388 - 1002 = -u*h. Suppose -46 - 47 = -3*s. What is the greatest common divisor of h and s?
31
Suppose -58 = x - 61. Calculate the highest common divisor of x and 57.
3
Let u be -10 + 8 + (-188)/(-2). What is the highest common divisor of 276 and u?
92
Let j(g) = 14*g - 30*g**2 + 0 + 5 + 45*g**2 + 4 + g**3. Let r be j(-14). Let x be ((-2)/4)/(r/(-126)). What is the highest common divisor of x and 14?
7
Suppose 2*p - 10 = 18. Suppose -926 - 999 = -5*n. Suppose l + 10*l = n. Calculate the highest common factor of l and p.
7
Suppose 3*b = -2*b + 15. Let v be (831/6 - 2)*2/b. Calculate the greatest common factor of v and 7.
7
Suppose 2*s = 5 + 3. Let b be ((-6)/4)/((-6)/s). Suppose b = c - 14. What is the greatest common factor of 120 and c?
15
Suppose -5*f + 0*f - 2*a + 84 = 0, -2*f + 5*a + 51 = 0. What is the highest common divisor of 99 and f?
9
Let d(g) = 48*g**2 + 10*g - 9. Let q be d(1). Calculate the highest common factor of q and 63.
7
Suppose -30 = j - 10. Let x = j - -50. What is the greatest common divisor of 12 and x?
6
Let i(j) = j**2 - 34*j + 25. Let s be i(34). What is the highest common factor of s and 5?
5
Suppose 0 = 2*y - 16 - 26. Calculate the highest common factor of 105 and y.
21
Let o be ((140/(-8))/(-5) - 3)*0. Suppose o = -z - 9*z + 1190. Calculate the highest common factor of 17 and z.
17
Suppose 1949 = 3*b - w, -5*b + 4*w - 1612 = -4872. Calculate the greatest common divisor of b and 27.
27
Let n(v) = v**2 - 6*v + 6. Let b be n(5). Let x(r) = 5*r - 2*r**3 - 7*r - b - 8*r**2 - 3. Let k be x(-6). What is the highest common divisor of 19 and k?
19
Let i = -698 - -760. Calculate the greatest common factor of i and 248.
62
Suppose 2*r = -9*z + 13*z + 524, -5*z + 479 = 2*r. What is the highest common factor of r and 432?
36
Let n be (1 - (-46)/(-6))*3. Let f = 21 + n. Suppose f - 3 = -k. Calculate the highest common divisor of 22 and k.
2
Let h be 8/(-10) - (-52)/65. Suppose h = -4*v + 8*v - 416. Calculate the greatest common factor of 8 and v.
8
Suppose 2*i + 2*z - 65 = -3*i, i - z = 13. Suppose 29*d - 524 = 984. What is the highest common factor of i and d?
13
Let l = -1478 - -2869. What is the highest common divisor of l and 13?
13
Let m be (-4)/(-3)*(-72)/(-6). Let r = 5 + m. Let w(y) = -35*y - 28. Let l be w(-2). What is the greatest common factor of l and r?
21
Let i(u) = 29*u + 248. Let p be i(-8). Let n be 7*1 + (3 - 4). Let o = n + 2. What is the greatest common divisor of p and o?
8
Suppose -15 = -5*d + 35. Let h = -50 - -120. What is the greatest common divisor of d and h?
10
Let o(i) = -23*i**3 - 6*i**2 - 6*i - 4. Let c be o(-2). What is the highest common factor of 21 and c?
21
Let q be (-4)/6*(-132)/22. Suppose q = -6*t - 14. Let h = 11 + t. Calculate the highest common divisor of 64 and h.
8
Let l(o) = o**3 - 6*o**2 + 3*o - 44. Let s be l(8). Calculate the greatest common factor of 126 and s.
18
Let x(h) = -h**3 - 51*h**2 - 102*h + 92. Let v be x(-49). What is the greatest common factor of v and 1248?
96
Let z be ((-14)/(-21))/((-12)/(-18)). What is the greatest common factor of 107 and z?
1
Let v = 279 + -264. Calculate the greatest common factor of v and 435.
15
Let b be (-7168)/(-240) + (-2)/(-15). Calculate the greatest common factor of b and 48.
6
Let k be (0 - (0 - 3)) + 9. Let l(c) = c**3 - 11*c**2. Let g be l(9). Let q = g - -258. What is the greatest common divisor of k and q?
12
Suppose 32 = y - m, 2*y - 3*y + 32 = -5*m. Suppose -5*r + 8 = 2*o, -2*o - 2*o - 4 = 0. What is the greatest common divisor of r and y?
2
Suppose 3*q = -3*q + 12. Suppose m + x - q = 2, 0 = 2*m + 3*x - 10. What is the greatest common factor of m and 20?
2
Suppose -10*u + 35 + 35 = 0. Let s be (-18)/(-4) - 1/(-2). Let l(b) = b**3 - 6*b**2 + 6*b - 4. Let x be l(s). Calculate the highest common divisor of u and x.
1
Let v be (2 + -1 + 0)*78. Suppose u - 120 = -3*s, -u - 2*s = -v - 46. Suppose 3*f - 2*q - 46 = 3*q, 3*f + q = 34. What is the highest common divisor of u and f?
12
Suppose 2*o - l = 14 + 19, 3*l - 3 = 0. Let w(p) = p**2 + 2*p - 5. Let r be w(4). Let a = 206 - r. What is the greatest common divisor of o and a?
17
Suppose 59 - 6 = 4*w - 5*n, -4*w - 4*n = -8. What is the greatest common divisor of 217 and w?
7
Let a = -2311 - -2402. Let d(c) = -4*c + 1. Let s be d(-3). Calculate the greatest common factor of a and s.
13
Let b(s) = 17*s + 26. Let d be b(6). Let n(g) = 2*g - 1. Let j be n(-1). Let t = j + 19. Calculate the highest common divisor of t and d.
16
Let m be (-2 - 7/(-3))*12. Let s be (2 - (7 - 4)) + 3. Suppose -m*p - 5*i + 86 = 0, s*p - i - 50 = -0*i. What is the highest common divisor of p and 8?
8
Let y = 11 + -9. Suppose 2*i - 2*z = -i + 37, 0 = -5*i + y*z + 55. Let j be 12 + -1*(3 + 0). Calculate the greatest common factor of j and i.
9
Let y(w) = -57*w - 18. Let q be y(-1). What is the greatest common divisor of q and 13?
13
Let j = 134 - 60. Let m = 103 - j. What is the greatest common divisor of 116 and m?
29
Let n(h) = -94*h - 3. Let k be n(-1). Suppose 245 = 4*t - k. What is the highest common factor of t and 12?
12
Let v(g) = -227*g - 199. Let h be v(-1). Let t = 2 - 0. Let s be t/((-13)/7 - -2). What is the greatest common divisor of s and h?
14
Let c = 2211 + -2165. Calculate the highest common divisor of c and 253.
23
Let n be (-7)/(-21) - (0 + (-1492)/(-12)). Let p = n + 159. Calculate the greatest common divisor of 280 and p.
35
Suppose -12*b + 213 = -3. Calculate the greatest common factor of 342 and b.
18
Let b = -89 + 73. Let d be (-136)/6*(-22 - b). What is the greatest common divisor of 17 and d?
17
Let o be (63/(-105))/((2/(-6))/(20/6)). Let n(s) = -5*s**2 + 2*s - 3. Let g be n(4). Let z = g - -123. Calculate the highest common factor of o and z.
6
Suppose 4*c = -13*c + 17. Let w(l) = l**2 + l + 1. Let z be w(0). What is the greatest common factor of z and c?
1
Let o be 1/(-4) + (-171)/36. Let h = o - -22. Suppose -h = -3*g + 10. Calculate the greatest common factor of 45 and g.
9
Suppose -3*b + 0*b + 276 = 0. Let y be (b + 4)*(-27)/(-12). Suppose 81 = 7*x - 108. What is the highest common factor of y and x?
27
Let a be 141 + 2/(-8) + 156/48. Suppose 5*g + 3*h - 92 = 0, -4*g + 5*h + 48 - 4 = 0. Calculate the greatest common factor of g and a.
16
Suppose 2*p = -2*p + 248. Let x = 970 + -815. Calculate the highest common factor of p and x.
31
Suppose 75 = -s - 2*s. Let y = 30 + s. What is the greatest common divisor of y and 10?
5
Suppose -15 = 12*d - 147. Let a be -1 - (44/(-1) - 1). Calculate the highest common factor of d and a.
11
Suppose 230*k + 111 = 233*k. Calculate the greatest common factor of k and 296.
37
Let r be (430/(-40) - -9)*-8. Let o = 0 - -2. Let q(u) = 2*u**3 + 4*u - 3. Let g be q(o). What is the highest common divisor of g and r?
7
Let a(f) = f**2 + 3*f - 3. Let q(u) = 2*u - 1. Let l be q(2). Let x be a(l). Suppose 5*w = -0*w + x. What is the highest common factor of w and 1?
1
Let d = 12 - 488. Let m be 6/4*d/(-42). What is the greatest common divisor of 153 and m?
17
Let s be (32/10)/(9/(363 - 3)). Let n = -21 + 29. Calculate the highest common factor of s and n.
8
Suppose -m + 4 = -0*m. Suppose 4*k + m - 60 = 0. Let s be 2*(-15)/10 - -38. What is the greatest common factor of k and s?
7
Let f = -23 - -8. Let s be (-4)/(-5) - 213/f. Suppose s = -5*y + 60. Calculate the greatest common factor of y and 45.
9
Let o(s) = 20 - 6 + 2*s - 8 + 15. Let t be o(7). What is the highest common factor of t and 5?
5
Let v be 26/91 - (-234)/14. Let n(w) = 5*w**2 + w - 1. Let a be n(-2). What is the greatest common factor of a and v?
17
Suppose 8*n - 3*n = 50. Suppose n*z = 14*z + 8. Let f be 2*z + 4 + 6. What is the greatest common divisor of 48 and f?
6
Let p = -1105 - -1157. Let a be